t is -2 + 15 - (6 - (2 + -8) - 11)?
12
What is the value of -5 + 4 + (-1 - (-21 - -13))?
6
Evaluate 0 + -1 + (-5 + -14 - -4) + -9.
-25
222 - 172 - (44 + -4)
10
What is 23 + -32 + (-12 + 9 - (2 - 38))?
24
Calculate 1 - (4 - 47 - -23).
21
Evaluate 3 - 2 - (6 - -15).
-20
What is the value of 13 + (16 - 17 - 7)?
5
What is the value of -11 - 0 - (-1 + (3 + -8 - -2))?
-7
(-19 - (2 - 25)) + (-1 - (1 + -3))
5
What is 15 - 50 - -6 - (2 + -12 + 4)?
-23
What is the value of (3 - -1 - -6 - 0) + 2?
12
-11 + 6 + 1 - (-32 + 10 + 1)
17
-351 - -363 - (-8 + -1 - 1)
22
What is the value of (-60 - -42) + (-3 - -5) - (2 + -3)?
-15
Evaluate -6 - ((523 - 505) + (2 - 1 - 10)).
-15
Evaluate 141 - 133 - (-2 - -19) - -5.
-4
Calculate 11 - (0 + 2 - -5) - (0 + -2).
6
What is the value of (-33 + 33 - ((3 - 1) + 1)) + -13?
-16
(0 - 15 - (8 + (-15 - -2))) + 3
-7
Calculate 57 + -35 + 19 + 7 - 7.
41
(-1 - (0 + 2) - (46 - 45)) + -4
-8
What is the value of 7 + -6 + 6 + -1 + 0 + -5?
1
Calculate 448 + -459 + 0 + 0 + 0 + -5.
-16
What is 1 - 61 - (854 + -889)?
-25
What is the value of -9 + 8 + (-1 - (-5 + 10 + -1))?
-6
Evaluate -4 - (-17 - -12) - 0.
1
What is the value of (14 - 18 - (-1 - (3 + -5))) + -7?
-12
Evaluate -10 - -1 - (-12 - -5) - -14.
12
Calculate -1 - ((-28 - -43) + -6 + 4).
-14
-24 - (7 + -22) - (-13 + 1)
3
-575 - -539 - (1 + -79)
42
5 + (1 - 3) + 0 + -1421 + 1426
8
11 + (-14 - -5) - -17 - 4
15
Evaluate -12 + 51 - 23 - (-7 - 3).
26
-5 + 1 + (-34 - -16) + 27
5
What is the value of 11 + 9 + -1 + -29?
-10
What is -7 - (18 + 8 + -11)?
-22
What is the value of -36 + (18 + 13 - 3)?
-8
21 - 30 - (-19 - 2)
12
Calculate 13 - (-11 - (8 - 13)) - 50.
-31
Calculate -4 + -1 - (-5 + 1 + 236 + -237).
0
What is (-596 - -595) + (0 - 1 - -8)?
6
Evaluate 5 + (5 - 12 - -7).
5
Evaluate 0 - -3 - (-71 - -42).
32
Calculate -8 + (27 + 3 - 26).
-4
(10 - 25 - -8) + 4 - -6
3
Calculate -15 - 3 - (18 - 47 - -26).
-15
Calculate (-2 - (-11 + -9)) + -8 + 0.
10
What is the value of (-25 - 1) + (-360 - -366)?
-20
What is the value of 0 - -2 - (58 - 46) - -5?
-5
What is -3 + (3 + (4 - 7) - -3) + 11?
11
What is the value of 24 + (-3 - 2) - (8 + -1 + -1)?
13
0 + -16 - (3 + -11 - -5)
-13
Evaluate (11 - (6 - 7)) + -5 - 1.
6
Evaluate 3 + (-8 - -16) + -10 + (-3 - -10).
8
-17 - (-5 - 0 - 3) - -2
-7
(-2 - (-15 + 11)) + 8 + -4
6
113 - 137 - (16 - 4)
-36
Evaluate 25 - (-14 + 3 - (-19 + -3)).
14
What is -3 + -4 - (-1 - (10 - 16))?
-12
What is (2 - 3) + 2 + 1 + (-11 - -24)?
15
What is the value of (15 - (21 - 7)) + 2?
3
Evaluate 0 + -5 + (-13 + 10 + 20 - 1).
11
What is 26 + -8 - (-10 - (-14 - (-15 - -9)))?
20
What is -10 - -3 - ((6 - 5) + 10 - 3)?
-15
-3 + (-10 - ((6 - 1) + -13))
-5
-95 + 91 + 0 + -1 + -6
-11
Calculate 23 - (-28 + 33 - -15).
3
Calculate -4 + (-17 - 3 - -42 - (2 + 8)).
8
What is the value of (-25 - (5 + -22)) + -15 + -5 + 4?
-24
Evaluate 6 + 5 + -29 + 3 + -6 + -2.
-23
What is 10 - (-5 - -2 - -15)?
-2
What is the value of 2 + 3 - (-1 - -2 - (-550 + 536))?
-10
What is (10 - 21 - 19) + 43?
13
Calculate -41 + -26 + 60 - (-1 + 1 + -1).
-6
What is (7 - (17 - 9)) + -14?
-15
27 + 14 + -1 + -29
11
-4 + -5 + 7 + -5 + 4
-3
Calculate -70 + 61 - (0 + -5) - -2 - -23.
21
Evaluate (2 - 8) + 23 + -31.
-14
Evaluate -9 + 9 + -15 + 7 - -9.
1
What is the value of -21 - (-23 - (1 + -11))?
-8
Evaluate 6 + (7 + -4 - -2) + -9 + -20.
-18
Evaluate -13 - (-11 - 34 - -8).
24
Evaluate 20 + -2 - (16 + -2).
4
5 + 0 - (44 - 35) - (-2 - 4)
2
What is -7 + (-14 - -14 - -2)?
-5
Calculate -27 - -34 - ((1 - -4) + -8).
10
Calculate -8 + (8 + -11 - 1 - (-4 - 2)).
-6
What is the value of -23 + 5 + -25 + 37?
-6
Calculate -7 - 1 - (-459 - -461).
-10
Evaluate 2 + 11 + (3 - 0).
16
Calculate 4 + (-5 - (5 + -9)) - (-150 + 171).
-18
What is the value of -3 + (1 - 7) + (24 - 23)?
-8
What is the value of -7 + 11 - (-48 - -31)?
21
What is (-8 - -14 - -2) + 0 + -6 + -9?
-7
Evaluate -12 + -6 + 5 - (3 + -11).
-5
What is -88 + (64 - 36) + 30?
-30
What is the value of -7 + 8 + 8 + (-2 + 0 - 12)?
-5
Calculate 1 + 12 - (-564 + 543).
34
Evaluate 10 + 18 + -31 + -11.
-14
-2 + (-8 + 9 - -1) + (1 - 7)
-6
Evaluate 2 + 5 + -4 + 12 + -19.
-4
Evaluate 9 + -5 + (19 - 31).
-8
Evaluate (0 - (5 + -2)) + 165 + -171.
-9
What is 0 - 7 - (-20 + 15 - -17) - 0?
-19
What is -74 + (12 - -1) + 32?
-29
Evaluate 8 + -13 - 1 - (1 + -1) - 11.
-17
Calculate 3 + (-33 - (-35 - -9)).
-4
What is the value of 6 + 25 + -24 + 6 + -4?
9
Calculate 0 - -21 - (-440 - -447).
14
What is 6 + -9 - (-5 + -10 + 3 + -2)?
11
Evaluate -20 + 2 + (2 - 23) + 10 + 5.
-24
What is the value of (-3 - -10 - -2) + -8 + -3?
-2
Evaluate 0 - (-4 + (13 - (3 + 4)) + -5).
3
Calculate (2 - (4 + -2)) + (-18 - -12) - 1.
-7
-24 + (-9 - -9) + 7 + 5
-12
(42 - 25) + (-3 - 2)
12
Calculate 16 + 11 + (-23 - -1).
5
Evaluate 0 + -25 + 1 + 20.
-4
What is 49 - (-22 + -7 + 50)?
28
What is the value of -2 + (-10 - (-9 - (-12 - 5) - 0))?
-20
Evaluate (-5 + (-18 - -8) - -5) + -6.
-16
1 - (1 + -11 + -21 + 10 + 1)
21
-5 + 0 - -2 - ((31 - 25) + 4)
-13
What is 29 + 13 + -29 + -18?
-5
5 + -3 - 6 - -25 - (-145 - -137)
29
What is the value of -104 + 144 - (18 - 5)?
27
-8 + 2 + (0 - (15 - -1))
-22
-1 + -22 + (224 - 221)
-20
Evaluate -41 - -5 - -53 - -7.
24
What is the value of (-3 + -15 - -22) + -14?
-10
What is the value of -14 + 26 + 0 - 10?
2
What is the value of -1 - (-19 - -15 - 9)?
12
-6 - -2 - (0 + 6 - (-74 + 77))
-7
Calculate (1 - -5) + ((-3 - 3) + -6 - 5).
-11
Calculate -200 + 201 - (5 + 1).
-5
Evaluate (-12 - -5) + 2 + 5 + 8.
8
What is (-25 - 1) + (74 - 62)?
-14
What is (4 - -3 - (29 + -1)) + -5 - -7?
-19
-6 + -1 + (0 - (-3 - -6)) - 29
-39
What is (40 - (64 + -40)) + 1 + -2 + 1?
16
What is -18 + 7 + -4 + 6?
-9
Calculate -12 + 33 - 13 - 43 - -13.
-22
Calculate (-9 - (4 - (5 + -3 + 6))) + -1.
-6
Calculate -5 + 2 + (-4 - (-12 + 2)) + -8.
-5
What is the value of (-27 - -68) + -42 - (1 - (17 - -1))?
16
-5 - -2 - -14 - 20
-9
Calculate -443 + 454 - (-7 + -2).
20
What is the value of -35 + ((31 - 13) + -15 - -14)?
-18
Calculate 1 + -10 + (-2133 - -2133).
-9
What is 5 - (-8 + 2) - (4 + 3)?
4
Calculate -97 + 97 + (0 - -8).
8
Calculate 5 + (6 - -3) - (31 - 32).
15
Calculate 40 - 39 - (5 + -2 - (-28 - -9)).
-21
Evaluate -7 + 11 + 2 + (6 - 1).
11
What is -15 + 40 + -9 + 0?
16
66 - 23 - 45 - (-2 + -10)
10
(-41 - -40) + 0 + 1 + -2 + 21
19
Evaluate 38 + -93 + -33 + 65.
-23
-7 - (-7 + -6 + 3)
3
Evaluate -40 - (-15 - (38 + -38)).
-25
What is (-36 - (-20 + 11)) + 12 + -2 - -3?
-14
What is the value of 17 + -2 + -10 + 9 + (10 - 11)?
13
-5 + (10 - -15) - 38
-18
What is 6 - (3 + 1 + 1)?
1
What is 43 - (30 + 1 + -14 + 1)?
25
What is (1 - (8 + -3 - 2)) + -10?
-12
-16 - ((-72 - -37) + 26)
-7
What is the value of 2 - -1 - (-42 + -48 + 86)?
7
What is 6 + -5 + (0 - -2) + 14?
17
13 - (38 + 29 + -45)
-9
-54 + 11 - (28 + -47)
-24
What is the value of -23 - (-44 + (8 - -11))?
2
What is -46 + (14 - (-29 - -20))?
-23
What is the value of 13 - (33 + (-29 - -34))?
-25
What is the value of 2 - 17 - -15 - ((0 - 1) + -33)?
34
Evaluate 21 - (2 + -10 + (-2 - -1) + 2).
28
What is (1 - -3 - 5) + (-24 - -18 - -6)?
-1
Evaluate (-6 - 11) + -10 + 23.
-4
Calculate (-1 + 2 - -2) + -370 + 364.
-3
What is 10 - (4 + 0 - 2) - (0 - -1)?
7
What is -33 + 32 + 18 + 2 + -3 + -9?
7
Calculate (-10 - (-2 - -2)) + (435 - 451).
-26
What is 0 - -11 - (-9 + (-16 - -20 - 3))?
19
Evaluate 69 - -7 - 21 - 32.
23
Evaluate 9 + 2 + (3 - -9 - (-63 - -66)).
20
(-12 - (3 + -4 + -4)) + 4 + 2
-1
Calculate -17 + 4 + 3 + 33 - 7.
16
What is (11 - (-2 + 17)) + 5 - (-21 - 2)?
24
Calculate 13 - -4 - -1 - 27.
-9
Evaluate (6 - 0) + 59 + -70 + (1 - -27).
23
3 + -8 + 8 + (-3 - 4)
-4
(2 - 19) + (-15 - 12) + 70
26
What is 11 + (-6 - 2) + -3 + 4?
4
What is -5 + -4 + 16 + -11?
-4
Evaluate -9 - (0 + 14 + (-14 - -8)) - 0.
-17
0 + -1 - 10 - (-395 - -390)
-6
10 + -11 + (1 - -3) - (21 + -8)
-10
What is the value of (3 - (-10 - -21) - -20) + -31?
-19
Calculate 7 + -18 + (22 - 20) - 11.
-20
Evaluate 15 + 22 + (-8 - 1).
28
Calculate -687 + 673 - (-30 + -1).
17
What is -4 + (-10 - (-12 + 3))?
-5
What is (2 + 7 - -2) + 14 + -10 + -1?
14
Calculate 7 - ((18 - (0 + 8)) + (-2 - 1)).
0
Evaluate 7 + (-17 - -19) - -2.
11
-3 + (-13 - (-8 + -4)) + 0
-4
Evaluate -14 - (-6 - 32) - 10.
14
13 + -8 - 10 - 2
-7
What is 3 + 2 + -14 - (-4 + -1)?